9*z = 7*z + 10. Suppose -3 = -z*c - 8. Let n(o) = 10*o**3 - 2*o**2 - 2*o - 1. Give n(c).
-11
Let w(p) = 13*p - p**2 - 19*p - 7 - 2*p. Let l be 121/(-5) + 5/25. Let z be (8/l)/((-2)/(-42)). Determine w(z).
0
Let x = 1360 + -1362. Let s(g) = 3*g + 6. Determine s(x).
0
Let n(a) = 2*a - 1. Suppose -25 = -12*v + 7*v. Suppose 9 + v = -7*f. Determine n(f).
-5
Let y(n) be the first derivative of n**3/3 - 7*n**2/2 - 128. Let j be (-96)/(-15) + (-4)/10. What is y(j)?
-6
Let u(v) be the second derivative of v**4/12 - 2*v**3/3 + 5*v**2/2 - 2*v - 42. Give u(4).
5
Let w(z) = 3*z + 3. Let i = 12 + -13. Let u = i - -4. Suppose -2*t - 5 - 7 = 4*n, -u*t - 14 = 4*n. Determine w(t).
-3
Let d(r) = 16*r. Let t(j) = 14*j - 4. Let m(o) = 14*o - 5. Let n(x) = -4*m(x) + 5*t(x). Let g(f) = -6*d(f) + 7*n(f). What is g(3)?
6
Let s(r) = -3*r**3 + 8*r**2 - 5*r - 11. Let x(q) = q**3 + q**2 - q - 1. Let k(j) = s(j) + 2*x(j). Let i = 1553 - 1544. Give k(i).
5
Let f = 73/207 - 4/207. Let i(s) be the second derivative of 6*s + f*s**3 + 0 - 5/2*s**2. Give i(4).
3
Let m(p) = 16 + 15 - 2*p + 0*p + 17 - 50. Suppose 0 = -6*s + s - 15. What is m(s)?
4
Let o be (39/(-6) - (5 - 11))*12. Let u(i) = -i**2 - 4*i + 2. What is u(o)?
-10
Suppose 2*a - 3*a = -2. Let k(u) = 3*u - 5*u - 6*u + a + u**2 + 5*u. Suppose -5*b + 7 + 12 = -2*t, 5*t = 3*b - 19. Determine k(b).
2
Let j(s) = s. Let i(y) = -y. Let v(c) = -8*i(c) - 5*j(c). Suppose -2*q + 4*q + 2 = 0. Determine v(q).
-3
Let q(s) = -s**2 - 3*s + 7. Let d be q(2). Let v be (-51)/(-12) + (-3)/12 + d. Let y(x) be the third derivative of -x**5/10 - 2*x**2. What is y(v)?
-6
Let d be (-10)/2*12/90*12. Let o(u) = -u**3 - 7*u**2 + 8*u - 1. What is o(d)?
-1
Let n(r) = -4*r + 2. Let v be n(2). Let g(k) = 2*k - 15. Let p(i) = 3*i - 16. Let y(s) = 4*g(s) - 3*p(s). Determine y(v).
-6
Let t(a) = 7*a + 14. Let p(m) = 8*m - 4. Let g(i) = -3*i + 1. Let u(r) = 17*g(r) + 6*p(r). Let o(d) = 4*t(d) + 9*u(d). Calculate o(7).
0
Suppose 3*s - 5*d - 4 = s, 5*d - 4 = -2*s. Let k(i) = -6*i + 4*i**s - 13*i**2 + 4*i**2 - 4 + i**3. Calculate k(6).
-4
Let a be (0*1/(-2))/(-5 - -3). Let q(i) = 6 - 2*i - i**3 + i + a*i**3 - 1. Give q(0).
5
Let o(u) = -12*u**3 - 7*u**3 + 8*u**2 - 19*u + 0*u**3 + 20*u**3 + 11 - 2. Give o(-10).
-1
Let k(f) = f**2 - 5*f + 6. Let t = -7 - -4. Let l be (0 - 2/t)*6. Let d be k(l). Let h(i) = -i**3 - 2*i**2 + 3*i - 1. Give h(d).
-11
Let c(z) = -z**3 + 5*z**2 - 3*z - 1. Let a be (15/15)/(1/6). Let y be (-2 + a)*1/2. Suppose -y*v - 2*j = -8, 3*v - j = 2*v + 2. Determine c(v).
8
Let d(t) = -t**3 + 11*t**2 + 2*t - 16. Let f be d(11). Let o(r) = -f*r - 13*r + 20*r. Calculate o(-5).
-5
Let m(h) be the first derivative of h**3/3 - 7*h**2/2 - 21*h + 1038. Determine m(9).
-3
Suppose 0 = -2*o - 3*o + 10. Let u be 8 - 3 - (o - 0)/2. Let s(d) = -d**2 + 6*d - 1. Let g(l) = -l. Let v(a) = -2*g(a) - s(a). What is v(u)?
1
Let j(l) = 3*l**2 + 6*l + 9. Let r(d) = 45*d - 992. Let t be r(22). Calculate j(t).
9
Let b(l) = l**3 - l**2 - 2*l. Let g(o) = -8*o**3 + 14*o**2 + 11*o - 21. Let i(s) = 7*b(s) + g(s). Determine i(6).
-3
Suppose -3*b - 148 = -139. Let g(x) = 2*x**2 - x + 3. Give g(b).
24
Let c(p) be the first derivative of p**2/2 - p + 496. What is c(9)?
8
Let o be (-42)/56*8/(-6). Let v(y) = 866*y - 867*y - o + 3. Give v(-3).
5
Let i(m) = 2*m**2 + 12*m + 2. Let n = -13 - -7. Let f be i(n). Let x(b) = -b + b**3 + 2*b**2 - 1 - 1 - b. Calculate x(f).
10
Let g(p) = -p**2 + 7. Let t = -28 + 34. Give g(t).
-29
Let n(u) = u**3 + 6*u**2 + 3. Let z = -121 + 125. Let f(q) = -7*q + 22. Let d be f(z). What is n(d)?
3
Let s be (2 + -8)*1/(-2). Let c(y) = -5*y - y**3 + s*y**2 + 7*y + 0*y**2. Let t(x) = -x**3 + 5*x**2 + 2*x - 7. Let z be t(5). What is c(z)?
6
Let c(g) = -357*g**3 - 358*g**3 - 11*g**2 - 10*g + 4 + 714*g**3. Give c(-10).
4
Suppose 0 = -3*d - 12, 0 = 5*u + d - 4*d - 87. Suppose i = -4*i + u. Let g(n) = 3*n**3 + 0 - n**3 - 8*n - 3*n**i + 7*n**2 + 4. Calculate g(5).
14
Let s be 9 + (-2)/(1/((-25)/(-10))). Let b(j) = -j**2 + 3*j + 5. Determine b(s).
1
Suppose -2 = -3*y + 16. Suppose y = -u - 4*q - 2, 2*q = u - 10. Let s(x) = x**2 - 4*x - 5. Determine s(u).
-5
Let m(f) = -f**3 - 4*f**2 + 3*f + 4. Suppose 5*o - 7 = -2*l, 0 = -4*o + 56 - 44. What is m(l)?
-8
Let q(g) = g + 0*g**2 - 5*g + g**2. Suppose -i = 21 - 91. Let z be i/56*(0 + 4). What is q(z)?
5
Let m = 8 + -5. Let a(c) be the third derivative of -c**8/20160 + c**7/1260 - c**6/240 + c**5/60 + 2*c**2. Let z(d) be the third derivative of a(d). Give z(m).
0
Let q = 227 + -224. Let p(w) = 3*w + 1. What is p(q)?
10
Let q be 1/((16/(-40))/(16/(-10))). Suppose 0 = -3*d, -5*d = -p + 1 + q. Let s(z) = -z**2 + 8*z - 7. What is s(p)?
8
Let v(d) = -7*d + 12. Let t(s) = -2*s + 3. Let i(h) = 9*t(h) - 2*v(h). Let l(n) = -n**2 + 3*n + 4. Let q be l(5). What is i(q)?
27
Let f = 105 - 106. Let c be ((-54)/(-27))/(f + (-5)/(-7)). Let p(t) = -t**2 - 9*t - 2. Calculate p(c).
12
Let r(m) = -12*m**2 - 2*m - m + 2*m + 6 + m**3. Suppose f = -6, u - 3*f - 78 = -4*u. Determine r(u).
-6
Let l(r) = 11*r**3 - 1 + 165*r**2 + r - 165*r**2 - 2*r. Determine l(-1).
-11
Let t(k) = -2*k + 18. Let v be t(8). Suppose 0 = -r - 0 + v. Let g(c) = -c**2 + 6*c - 3. What is g(r)?
5
Let r(x) = -2*x + 1. Let a be 1*(-5 - (-2 - -1)). Let h be 3 + (-2)/2 - -1. Let n be h/(-3 + (-6)/a). Calculate r(n).
5
Let m(u) = -u + 7. Let k be m(0). Let g(t) = 8*t**2 - t**3 - 347 - 344 - 340 + 1037 - 6*t. What is g(k)?
13
Suppose 5*t = -5*s - 50, 4*t - s + 13 = -2. Let a(u) be the third derivative of -u**6/120 - u**5/12 - u**4/24 - u**3 + 3*u**2. What is a(t)?
-1
Let s(p) = p**2 + 13*p + 15. Let y(h) = h - 1. Let f(j) = -s(j) + 2*y(j). Let w be f(-10). Let z(k) = -k**2 - 7*k - 4. What is z(w)?
-4
Suppose g - 20 = -4*r, -g = 2*r + 4*g + 8. Let z(q) = -10 + 0*q + q - r*q + 4*q. Calculate z(0).
-10
Let g = -12 - -14. Let c(p) be the third derivative of -p**5/60 + 5*p**4/24 - p**3/2 + 6*p**2 + 4. Give c(g).
3
Let o(p) = -3*p**2 + 12*p + 9. Let y(s) = -5*s**2 + 18*s + 13. Let l(g) = 8*o(g) - 5*y(g). Let z(d) be the first derivative of l(d). Give z(7).
20
Let s(u) = -4*u - 2. Let f(o) = -22*o - 8. Let z(g) = 3*f(g) - 15*s(g). Calculate z(1).
0
Let f(r) = r**3 + 9*r**2 + 2*r + 20. Let z be f(-9). Let m(l) = -12*l**2 + 11*l**2 + 1 + l**3 + z - 4*l - 1. Give m(3).
8
Suppose 13*s + 8 = 5*s. Let w(m) = m + 2. Determine w(s).
1
Suppose -21*x + 58 = 37. Let u(s) = s - 1. Let m(w) = -15*w**3 - 4*w + 4. Let k(b) = -m(b) - 5*u(b). Calculate k(x).
15
Let n be 273/70 - 2/(-20). Let g(d) = -6*d**2 + 3*d - 2. Let j(c) = -7*c**2 + 4*c - 3. Let s(l) = n*g(l) - 3*j(l). Suppose 2 = -2*v - 2. Determine s(v).
-11
Let x(v) = -v**2 + 3*v + 3. Suppose s + 0 + 3 = -2*w, -w - 3*s = -1. Calculate x(w).
-7
Let p(w) be the first derivative of 0*w + 3/4*w**4 + 0*w**2 - 14 - 2/3*w**3. Give p(2).
16
Let s(x) = x + 8. Suppose 0 = 3*d + 9 - 15. Suppose 0 = 4*q + 3 + 5, -3 = u - d*q. Give s(u).
1
Let x(b) = -13*b + 14. Let d(r) = 9*r - 15. Let t(s) = -3*d(s) - 2*x(s). What is t(16)?
1
Let u(z) = z - 3. Suppose -5*f + 38 = 4*i, 5*f - 10 = 4*f - 2*i. Suppose 3*y = 3 + f. Suppose y*b - 4 = 2*b. What is u(b)?
1
Let u(v) = -2*v - 5. Suppose -5*r - 30 = -0*r. Let c(s) = -2*s - 1. Let q be c(r). Let i = -16 + q. Calculate u(i).
5
Let s = -4 - -10. Let j(m) = -15*m**3 - 12*m**2 + m + 11. Let u(l) = -2*l**3 + 12 - 6*l**2 - 5*l**3 - 5 - 2. Let b(h) = s*j(h) - 13*u(h). Calculate b(-4).
9
Let l(z) = -4*z**3. Suppose 6 = 15*p - 9*p. What is l(p)?
-4
Let r(i) = 2*i - 15. Let k(w) = -w**2 + 14*w + 14. Let l be k(15). Let s(n) = n - 1. Let h(t) = l*r(t) + 3*s(t). What is h(-7)?
5
Let h(v) be the second derivative of -v**4/12 + v**3/2 - 7*v**2/2 + 539*v. Calculate h(-5).
-47
Let i(l) = l**2 + 7*l + 7. Let f = -22 + 28. Let c be ((-4)/3 - 2)/(4/f). Determine i(c).
-3
Let i(r) be the first derivative of -3*r**3 + r**2/2 - 2*r + 71. Calculate i(1).
-10
Let z(c) = c**3 - 4*c**2 + 2. Let t be z(4). Suppose 3*o = -t*o + 5. Let u(x) = 8*x - 1. What is u(o)?
7
Let o(f) be the second derivative of f**4/12 - 7*f**3/3 + 7*f**2/2 - 29*f. Determine o(13).
-6
Let n(m) = 7*m + 1 - 4*m - m**2 - 4. Let f = 18 - 15. Suppose s = f*s - 8. Determine n(s).
-7
Let x(p) = 2*p**2 - p. Suppose -5*b - 7 = -4*k, -k = 2*b + 2*b - 7. Give x(b).
1
Let t(w